 be 3/(-1 - 5)*-10. What is the greatest common divisor of 20 and g?
5
Suppose -3*l + 3*f + 17 = -46, 0 = -3*f - 15. Let n = l - 15. What is the greatest common factor of n and 2?
1
Suppose -p = 5*t - 1 - 8, 0 = 2*t - 4. Let c(f) = -9*f. Let d be c(p). Let h be (-15)/25 - 48/(-5). Calculate the greatest common divisor of d and h.
9
Let p be 2/(-4) + (-44)/(-8). Let u be 2*((-21)/(-6) - 1). What is the highest common factor of p and u?
5
Let z(x) = -x**3 - 6*x**2 - 2*x - 31. Let k be z(-7). Calculate the highest common divisor of k and 24.
8
Suppose 80 - 248 = -4*i. What is the highest common divisor of i and 7?
7
Suppose 2*g + 15 = -g, 4*a - g - 77 = 0. Let b = 8 + -6. Let n be b*12/(-8) + 129. What is the highest common factor of a and n?
18
Suppose 3*m + 9 = 120. Let b = 55 - m. Suppose 0 = 4*a + 4*n - 76, -6 = 2*a - n - 41. Calculate the highest common factor of a and b.
18
Let m(l) = 31*l**2 + 2. Let y be m(-2). Suppose -3*n - 12 = -y. Calculate the highest common divisor of 19 and n.
19
Let k be 8*(3 - 1/2). What is the greatest common divisor of 140 and k?
20
Suppose -20*o = -14*o - 84. What is the greatest common factor of o and 21?
7
Let y(o) = 2*o**2 - 2*o + 1. Let p be y(2). Suppose 4*a - 72 = 3*z, 0 = 4*a - z + 6*z - 40. What is the highest common divisor of a and p?
5
Let p = 42 - 31. What is the greatest common factor of 1 and p?
1
Let q = -277 - -388. Let c = q + -155. Let z = -28 - c. Calculate the greatest common factor of 4 and z.
4
Let k = 42 + -70. Let u be 8/k + 27/21. What is the greatest common divisor of 9 and u?
1
Let d(x) be the first derivative of -x**4/2 - 2*x**3 - x**2/2 - x + 2. Let i be d(-4). Let u = 28 - 21. What is the highest common divisor of i and u?
7
Suppose -23 = -2*t - g, -4*t + 55 = 3*g + 2*g. Suppose 6 = 2*d - t. Suppose 3*x - 2*x + a = 25, -5*a + 5 = 0. Calculate the greatest common divisor of x and d.
8
Suppose 5*l = 3*a - 353, -4*a + 5*l = -3*a - 111. Suppose z - 10 - 1 = 0. Let q = 0 + z. Calculate the highest common divisor of a and q.
11
Suppose -278 = -4*a + 2*q, -95 + 302 = 3*a - q. Let g = -43 + a. What is the greatest common divisor of g and 275?
25
Let t be ((-3)/(-9) + 1)*48. Calculate the highest common divisor of t and 96.
32
Let y(o) = -o - 7. Let n be y(-8). Let g = 25 - n. What is the greatest common factor of 12 and g?
12
Let h(v) = 2*v**2 - 7*v + 5. Let r be h(4). Let p = 10 + -4. Suppose 0 = p*u - 40 + 4. Calculate the highest common divisor of r and u.
3
Let h = 199 + -111. Suppose -5*y + 2*y + 33 = 0. What is the greatest common divisor of y and h?
11
Let k(v) = 2*v**2 + 9*v - 10. Let d be k(-7). What is the highest common factor of 5 and d?
5
Let s be (-9)/((-1)/(1/1)). Let y(o) = o + 84. Let a be y(15). Calculate the highest common divisor of a and s.
9
Let o(b) = -2*b**2 - 22*b + 14. Let p be o(-10). What is the greatest common factor of p and 119?
17
Let w be (-89)/7 - 4/14. Let t = 23 + w. Let g be (-4)/t + (-424)/(-10). Calculate the greatest common factor of g and 6.
6
Let h be (-22)/(-8) - (-2)/8. Suppose w + 63 = -2*w. Let n = -12 - w. What is the greatest common factor of n and h?
3
Let p = -10 - -16. Calculate the greatest common factor of 3 and p.
3
Let c(d) = d**3 - 5*d**2 + 7*d - 4. Let r be c(4). Let y = r + 4. What is the highest common factor of y and 60?
12
Let t(c) = -c**3 + 3*c**2 + 4*c - 4. Let n(v) = -v**3 + 3*v + 1. Let k = 3 - 5. Let m be n(k). Let u be t(m). Calculate the highest common factor of 32 and u.
8
Let g be 3/3 + -3 + 171. Let p = g - -7. Let b(o) = -o**3 + 9*o**2 - 6*o. Let w be b(8). What is the highest common factor of w and p?
16
Suppose 4*g - 6*q + 2*q - 172 = 0, 3*g - 130 = 4*q. What is the greatest common divisor of 14 and g?
14
Let s be -3 + 9 - 5 - (-1 - 42). Calculate the highest common factor of s and 4.
4
Suppose 65 + 73 = 2*u - z, 2*u - 3*z = 134. Let i(h) = h**2 + h + 2. Let m be i(-4). Calculate the highest common divisor of u and m.
14
Suppose 0 = 4*p - 28. Let g be (9 - 0)/((-3)/(-8)). Let q = -10 + g. Calculate the greatest common divisor of p and q.
7
Let p = -5 - -8. Suppose p*r = -2*r + 5. Let a = -7 - -8. Calculate the highest common factor of r and a.
1
Let z = 221 + -106. Suppose -3*i + 5*o + z = 0, -2*i = 2*i - 2*o - 144. Calculate the greatest common divisor of 14 and i.
7
Suppose 0 = -4*c + 2*j + 10, 2*c = -5*j + 24 - 1. Suppose b = c*m + 26, 6*b + 3*m - 78 = 3*b. What is the highest common divisor of 78 and b?
26
Let s be 2/3 + (-44)/12. Let u be s/12 + 282/8. What is the highest common factor of 5 and u?
5
Let y(m) = m**2 - 14*m - 27. Let q be y(-9). Calculate the greatest common factor of q and 18.
18
Let v(s) = 2*s. Let h = 11 - 9. Let c be v(h). Calculate the highest common factor of 16 and c.
4
Let v = 1 + 9. Let f be 4/v - (-76)/10. What is the highest common divisor of 24 and f?
8
Suppose -5*y + 635 = 5*o - 2*o, 2*o = 3*y + 398. What is the greatest common divisor of 82 and o?
41
Suppose 0 = 3*h - 3*j - 234, 2*h - j - 94 = 62. Let p = 53 - h. Let x = -10 - p. Calculate the greatest common divisor of 60 and x.
15
Let t be (-12)/(-7) + 2/7. Suppose 6 + 6 = t*q. Let z(j) = -68*j - 88. Let b be z(-2). Calculate the greatest common divisor of b and q.
6
Suppose 0 = -2*o + o - 3*t + 57, -3*o = -2*t - 149. Let p = 71 - o. What is the greatest common factor of 160 and p?
20
Suppose -3*a + 20 = -22. Suppose -5*i + 81 = -2*y + a, 8 = 2*y. What is the greatest common divisor of i and 10?
5
Let g(p) = 2*p**3 - 5*p**2 + p + 3. Let q be g(3). Let c be 6/(-30) + 243/q. What is the highest common divisor of c and 112?
16
Let m = -3 + 7. Suppose -48 = -m*k - 0. What is the greatest common factor of 8 and k?
4
Suppose 0 = 4*c + 2*z - 136 - 116, 0 = -4*c + 4*z + 240. Let j be c + 1/((-1)/(-2)). Calculate the highest common divisor of j and 8.
8
Let v(u) = -14*u + 2. Let s be v(-2). Let x be (s/9)/((-2)/(-6)). What is the greatest common factor of 10 and x?
10
Let y = 52 + -36. Let i = 124 - 57. Let c be i + 4 + 14/(-2). Calculate the greatest common divisor of y and c.
16
Suppose -2*k - 5*s + 5 = -4*s, 2*k - 2*s = 14. What is the greatest common divisor of k and 2?
2
Let j be (-70)/(-2)*2/5. Calculate the greatest common factor of 14 and j.
14
Let u(c) = -c**3 + 8*c**2 + 4*c + 4. Let p be u(8). Calculate the greatest common factor of 9 and p.
9
Let s(q) = -q**3 + 4*q**2 + 3*q. Let f be s(4). Let c = -7 + f. Let l = 1 + c. Calculate the highest common divisor of 15 and l.
3
Suppose -3*m + 8*m = -80. Let n = m - -34. Calculate the highest common factor of n and 9.
9
Let y be (15/(-10))/(7/(-126)). Let f = -5 - -23. What is the highest common factor of y and f?
9
Suppose 0 = 2*d - d - 8. Let h be -3*8/(-12) - 2. Let c be (32 + h)/(6 + -5). What is the highest common divisor of c and d?
8
Let h be ((-24)/(-20))/(3/10). Let j be (10/h)/(1/4). Suppose 2 = -2*v + j. What is the highest common factor of v and 2?
2
Suppose -4*n + 6 + 10 = 0. Let a = n - -11. Calculate the greatest common factor of a and 135.
15
Suppose 2*d = 116 + 2428. Let i be (-4)/6 - d/(-18). What is the highest common divisor of i and 10?
10
Suppose -11*i - 40 = -13*i. What is the highest common factor of i and 30?
10
Let b be 3 - 1 - (39 + 6). Let m be (b + 5)*(-2)/4. Calculate the highest common divisor of 38 and m.
19
Suppose -x - 4*u = -79, 5*u + 108 = 3*x - 61. What is the greatest common factor of x and 7?
7
Let z be (-2 - -1)/((-2)/22). Suppose -3*k + 151 = -74. Suppose 73 = 5*b + 2*s + 10, -5*b - 5*s + k = 0. What is the greatest common factor of b and z?
11
Let q = 514 + -242. Calculate the highest common divisor of 34 and q.
34
Let d be (90/2)/(2 - 1). Let k = -29 + d. What is the highest common divisor of 80 and k?
16
Let u(k) = k**3 - 3*k**2 - 5*k + 4. Let q be u(4). Suppose -a + q*a + 63 = 0. What is the highest common factor of 7 and a?
7
Suppose 3*w + 4 - 19 = 0, 2*w = 4*l - 6. Let x(t) = 2*t - 3. Let r be x(l). Calculate the greatest common factor of 20 and r.
5
Suppose 2*m = 34 + 22. Calculate the greatest common divisor of 140 and m.
28
Let u be -95 + (-3 - (-1 + -2)). Let f = 182 + u. What is the greatest common divisor of f and 58?
29
Let p(t) = -3*t - 4. Let b be p(4). Let d be 2/8 + (-156)/b. What is the greatest common divisor of 40 and d?
